 highest common factor of 684 and 14022?
342
What is the highest common factor of 468 and 1116?
36
Calculate the greatest common divisor of 89 and 7031.
89
What is the greatest common divisor of 5727 and 69?
69
Calculate the highest common factor of 341 and 33.
11
Calculate the greatest common factor of 1675 and 1742.
67
Calculate the highest common divisor of 195 and 26520.
195
What is the greatest common divisor of 25 and 220?
5
Calculate the highest common divisor of 32 and 18032.
16
What is the highest common factor of 390 and 108?
6
What is the highest common factor of 6 and 3606?
6
What is the greatest common divisor of 1833 and 39?
39
Calculate the highest common divisor of 550 and 770.
110
Calculate the highest common divisor of 17 and 3842.
17
What is the greatest common divisor of 702 and 15093?
351
What is the greatest common divisor of 2737 and 46?
23
What is the greatest common divisor of 1598 and 34?
34
What is the greatest common divisor of 180 and 4380?
60
Calculate the greatest common factor of 13118 and 42.
14
What is the greatest common divisor of 144 and 396?
36
Calculate the greatest common factor of 186 and 24.
6
Calculate the highest common divisor of 1183 and 91.
91
Calculate the greatest common factor of 387 and 688.
43
Calculate the greatest common factor of 340 and 80.
20
Calculate the highest common divisor of 496 and 155.
31
Calculate the highest common factor of 5 and 105.
5
Calculate the greatest common divisor of 7 and 679.
7
What is the highest common factor of 660 and 33?
33
What is the highest common divisor of 4832 and 16?
16
Calculate the greatest common factor of 495 and 2115.
45
Calculate the highest common factor of 950 and 50.
50
What is the highest common factor of 1197 and 819?
63
Calculate the greatest common divisor of 16325 and 50.
25
What is the greatest common divisor of 1352 and 32?
8
Calculate the highest common factor of 33 and 121.
11
Calculate the highest common factor of 765 and 1071.
153
What is the greatest common divisor of 768 and 432?
48
Calculate the highest common divisor of 445 and 1691.
89
What is the greatest common divisor of 15 and 33?
3
Calculate the greatest common divisor of 26 and 481.
13
Calculate the greatest common factor of 80 and 120.
40
What is the highest common divisor of 87 and 29?
29
Calculate the greatest common divisor of 1773 and 788.
197
Calculate the highest common divisor of 16 and 118.
2
What is the greatest common divisor of 385 and 55?
55
Calculate the greatest common divisor of 6213 and 456.
57
What is the greatest common factor of 36 and 1204?
4
Calculate the greatest common factor of 927 and 4429.
103
What is the highest common factor of 896 and 14?
14
Calculate the highest common factor of 66 and 429.
33
What is the greatest common factor of 2044 and 16936?
292
Calculate the greatest common divisor of 108 and 12798.
54
What is the greatest common divisor of 305 and 1098?
61
Calculate the greatest common factor of 12 and 23964.
12
Calculate the greatest common factor of 208 and 32.
16
Calculate the highest common factor of 72 and 192.
24
What is the greatest common factor of 29 and 116?
29
What is the highest common divisor of 2086 and 434?
14
What is the greatest common divisor of 12 and 444?
12
Calculate the highest common factor of 42 and 175.
7
What is the highest common factor of 45 and 171?
9
Calculate the greatest common factor of 106 and 2650.
106
Calculate the greatest common divisor of 6758 and 218.
218
What is the greatest common divisor of 4 and 2074?
2
Calculate the highest common factor of 156 and 4836.
156
Calculate the highest common divisor of 70 and 18830.
70
Calculate the highest common divisor of 2015 and 93.
31
What is the highest common divisor of 7625 and 125?
125
What is the highest common divisor of 6 and 31?
1
Calculate the highest common factor of 1640 and 80.
40
Calculate the highest common factor of 29 and 464.
29
Calculate the highest common factor of 12963 and 298.
149
Calculate the highest common factor of 19485 and 45.
45
What is the highest common divisor of 3419 and 39?
13
Calculate the greatest common divisor of 21 and 3171.
21
Calculate the greatest common divisor of 64 and 864.
32
What is the highest common factor of 1232 and 42?
14
Calculate the greatest common divisor of 2070 and 840.
30
Calculate the greatest common divisor of 187 and 17.
17
Calculate the highest common divisor of 26 and 1586.
26
What is the greatest common factor of 1182 and 23246?
394
What is the highest common factor of 817 and 361?
19
What is the highest common factor of 285 and 6?
3
What is the greatest common factor of 2622 and 276?
138
Calculate the highest common divisor of 153 and 17289.
153
Calculate the greatest common factor of 1452 and 3509.
121
Calculate the greatest common divisor of 459 and 27.
27
What is the highest common factor of 4 and 17?
1
Calculate the highest common divisor of 920 and 40.
40
What is the highest common factor of 12 and 15?
3
What is the highest common divisor of 18 and 63?
9
What is the greatest common divisor of 21 and 70?
7
Calculate the greatest common factor of 455 and 390.
65
What is the highest common divisor of 8 and 76?
4
Calculate the highest common divisor of 14 and 896.
14
Calculate the greatest common divisor of 74 and 13394.
74
What is the highest common factor of 147 and 63?
21
Calculate the greatest common divisor of 18 and 2853.
9
Calculate the highest common divisor of 2682 and 3725.
149
Calculate the greatest common divisor of 6 and 27.
3
Calculate the highest common divisor of 115 and 184.
23
Calculate the highest common factor of 3312 and 81.
9
Calculate the highest common divisor of 432 and 2196.
36
What is the greatest common factor of 2652 and 3876?
204
Calculate the highest common factor of 2522 and 26.
26
What is the greatest common factor of 89 and 2314?
89
Calculate the greatest common divisor of 2350 and 50.
50
Calculate the highest common factor of 100 and 350.
50
Calculate the highest common factor of 18 and 54.
18
What is the highest common divisor of 21 and 357?
21
Calculate the highest common divisor of 18 and 324.
18
Calculate the highest common factor of 6 and 21.
3
What is the greatest common factor of 6 and 750?
6
Calculate the highest common divisor of 2382 and 18.
6
Calculate the highest common divisor of 1 and 53.
1
Calculate the highest common divisor of 48 and 3228.
12
What is the highest common divisor of 26 and 1651?
13
Calculate the greatest common factor of 1536 and 36.
12
What is the highest common factor of 26 and 26?
26
Calculate the highest common factor of 689 and 13.
13
What is the greatest common divisor of 1141 and 2608?
163
Calculate the greatest common factor of 1452 and 2508.
132
What is the highest common factor of 9 and 180?
9
Calculate the greatest common factor of 686 and 56.
14
What is the highest common factor of 695 and 35?
5
Calculate the highest common divisor of 36 and 8.
4
What is the highest common factor of 2726 and 282?
94
Calculate the highest common factor of 186 and 48.
6
Calculate the highest common divisor of 441 and 392.
49
What is the greatest common divisor of 186 and 496?
62
What is the highest common divisor of 12 and 48?
12
What is the greatest common divisor of 1003 and 51?
17
What is the greatest common divisor of 15 and 4155?
15
Calculate the highest common divisor of 1204 and 28.
28
Calculate the greatest common divisor of 535 and 1177.
107
Calculate the highest common factor of 13512 and 24.
24
What is the greatest common divisor of 333 and 111?
111
Calculate the greatest common divisor of 184 and 92.
92
Calculate the highest common factor of 10 and 175.
5
Calculate the greatest common factor of 33 and 55.
11
Calculate the greatest common factor of 1235 and 8151.
247
What is the greatest common factor of 900 and 24?
12
Calculate the highest common divisor of 120 and 465.
15
What is the greatest common factor of 6604 and 127?
127
Calculate the greatest common divisor of 21 and 357.
21
Calculate the highest common factor of 19 and 703.
19
What is the highest common divisor of 88 and 9944?
88
What is the highest common divisor of 540 and 252?
36
What is the highest common factor of 22905 and 225?
45
Calculate the greate